ded by 105.
97
Calculate the remainder when 4842 is divided by 1910.
1022
Calculate the remainder when 576 is divided by 525.
51
What is the remainder when 92453 is divided by 34?
7
What is the remainder when 1403457 is divided by 276?
273
What is the remainder when 32344 is divided by 10781?
1
What is the remainder when 22080 is divided by 53?
32
Calculate the remainder when 47521 is divided by 642.
13
What is the remainder when 21098 is divided by 50?
48
Calculate the remainder when 272483 is divided by 162.
161
Calculate the remainder when 880668 is divided by 464.
460
What is the remainder when 14108 is divided by 404?
372
Calculate the remainder when 8483 is divided by 59.
46
What is the remainder when 36657 is divided by 1290?
537
What is the remainder when 156955 is divided by 339?
337
Calculate the remainder when 482671 is divided by 76.
71
Calculate the remainder when 25060 is divided by 71.
68
What is the remainder when 76206 is divided by 153?
12
Calculate the remainder when 2424 is divided by 34.
10
What is the remainder when 36536 is divided by 308?
192
What is the remainder when 355835 is divided by 31?
17
Calculate the remainder when 35705 is divided by 86.
15
What is the remainder when 155824 is divided by 652?
648
Calculate the remainder when 5563 is divided by 1035.
388
What is the remainder when 7801 is divided by 2583?
52
What is the remainder when 411402 is divided by 1496?
2
Calculate the remainder when 589811 is divided by 69.
68
What is the remainder when 3179 is divided by 1014?
137
What is the remainder when 1088 is divided by 197?
103
What is the remainder when 2900 is divided by 875?
275
What is the remainder when 40262 is divided by 4429?
401
Calculate the remainder when 395672 is divided by 8243.
8
What is the remainder when 36445 is divided by 12139?
28
Calculate the remainder when 1726 is divided by 1526.
200
Calculate the remainder when 3543 is divided by 587.
21
What is the remainder when 57936 is divided by 3218?
12
What is the remainder when 40435 is divided by 23?
1
Calculate the remainder when 40000 is divided by 63.
58
Calculate the remainder when 18236 is divided by 228.
224
What is the remainder when 36924 is divided by 105?
69
Calculate the remainder when 16630 is divided by 32.
22
Calculate the remainder when 320 is divided by 84.
68
What is the remainder when 60092 is divided by 7?
4
What is the remainder when 242969 is divided by 92?
89
Calculate the remainder when 7157 is divided by 604.
513
What is the remainder when 7482 is divided by 138?
30
Calculate the remainder when 63029 is divided by 558.
533
What is the remainder when 4450 is divided by 376?
314
What is the remainder when 210908 is divided by 9167?
67
Calculate the remainder when 434738 is divided by 29.
28
Calculate the remainder when 113396 is divided by 13.
10
What is the remainder when 2089 is divided by 48?
25
Calculate the remainder when 17039 is divided by 1292.
243
What is the remainder when 222847 is divided by 298?
241
Calculate the remainder when 143946 is divided by 742.
740
Calculate the remainder when 3213 is divided by 49.
28
What is the remainder when 1813 is divided by 4?
1
What is the remainder when 40876 is divided by 3144?
4
Calculate the remainder when 3179 is divided by 169.
137
Calculate the remainder when 26465 is divided by 13231.
3
What is the remainder when 7069 is divided by 59?
48
What is the remainder when 49041 is divided by 1226?
1
Calculate the remainder when 15931 is divided by 2653.
13
What is the remainder when 70556 is divided by 2432?
28
Calculate the remainder when 82449 is divided by 274.
249
Calculate the remainder when 19510 is divided by 629.
11
What is the remainder when 8811 is divided by 977?
18
Calculate the remainder when 1099 is divided by 374.
351
What is the remainder when 68319 is divided by 124?
119
What is the remainder when 17167 is divided by 5719?
10
Calculate the remainder when 408110 is divided by 160.
110
What is the remainder when 4267 is divided by 57?
49
Calculate the remainder when 412215 is divided by 71.
60
What is the remainder when 34622 is divided by 64?
62
Calculate the remainder when 2568 is divided by 7.
6
What is the remainder when 30439 is divided by 177?
172
What is the remainder when 658 is divided by 124?
38
Calculate the remainder when 330139 is divided by 294.
271
Calculate the remainder when 68992 is divided by 211.
206
What is the remainder when 272926 is divided by 354?
346
Calculate the remainder when 53132 is divided by 89.
88
Calculate the remainder when 305728 is divided by 37.
34
What is the remainder when 29961 is divided by 832?
9
Calculate the remainder when 25911 is divided by 99.
72
What is the remainder when 7732 is divided by 53?
47
What is the remainder when 2363 is divided by 793?
777
What is the remainder when 2773 is divided by 81?
19
Calculate the remainder when 1201631 is divided by 522.
509
What is the remainder when 76810 is divided by 1396?
30
What is the remainder when 148549 is divided by 25?
24
Calculate the remainder when 67874 is divided by 15.
14
Calculate the remainder when 329 is divided by 113.
103
Calculate the remainder when 17773 is divided by 152.
141
What is the remainder when 2260 is divided by 565?
0
Calculate the remainder when 55614 is divided by 35.
34
Calculate the remainder when 52669 is divided by 115.
114
Calculate the remainder when 150555 is divided by 941.
936
Calculate the remainder when 224318 is divided by 17254.
16
Calculate the remainder when 790549 is divided by 194.
193
Calculate the remainder when 26729 is divided by 545.
24
What is the remainder when 293 is divided by 110?
73
Calculate the remainder when 8905 is divided by 90.
85
Calculate the remainder when 1003 is divided by 111.
4
Calculate the remainder when 49628 is divided by 671.
645
Calculate the remainder when 22232 is divided by 7323.
263
What is the remainder when 87270 is divided by 17451?
15
What is the remainder when 5327 is divided by 1232?
399
Calculate the remainder when 736 is divided by 402.
334
What is the remainder when 3552 is divided by 1753?
46
What is the remainder when 84847 is divided by 21208?
15
What is the remainder when 995 is divided by 240?
35
What is the remainder when 6816 is divided by 44?
40
What is the remainder when 7180 is divided by 286?
30
What is the remainder when 10880 is divided by 2719?
4
What is the remainder when 2990 is divided by 19?
7
Calculate the remainder when 8923 is divided by 428.
363
Calculate the remainder when 167857 is divided by 285.
277
What is the remainder when 22534 is divided by 2?
0
What is the remainder when 7379 is divided by 82?
81
Calculate the remainder when 9114 is divided by 1822.
4
What is the remainder when 4329 is divided by 1762?
805
What is the remainder when 12748 is divided by 35?
8
Calculate the remainder when 2078 is divided by 622.
212
What is the remainder when 15377 is divided by 190?
177
Calculate the remainder when 3534 is divided by 860.
94
Calculate the remainder when 21567 is divided by 82.
1
Calculate the remainder when 275700 is divided by 2842.
26
What is the remainder when 26122 is divided by 42?
40
Calculate the remainder when 20832 is divided by 20719.
113
What is the remainder when 35268 is divided by 948?
192
What is the remainder when 554 is divided by 284?
270
Calculate the remainder when 422379 is divided by 16.
11
Calculate the remainder when 6983 is divided by 14.
11
What is the remainder when 67607 is divided by 3218?
29
What is the remainder when 14938 is divided by 4974?
16
Calculate the remainder when 15914 is divided by 883.
20
Calculate the remainder when 13181 is divided by 610.
371
What is the remainder when 860 is divided by 57?
5
Calculate the remainder when 3157 is divided by 453.
439
What is the remainder when 16213 is divided by 814?
747
What is the remainder when 38762 is divided by 461?
38
What is the remainder when 1289413 is divided by 68?
65
Calculate the remainder when 10024 is divided by 12.
4
What is the remainder when 856 is divided by 282?
10
Calculate the remainder when 42836 is divided by 549.
14
What is the remainder when 17440 is divided by 12?
4
What is the remainder when 2707 is divided by 408?
259
What is the remai